n factor of 299 and 280048.
23
What is the greatest common divisor of 529670 and 20?
10
Calculate the highest common factor of 16 and 17912.
8
What is the highest common divisor of 2463 and 313622?
821
Calculate the greatest common divisor of 102990 and 60.
30
Calculate the highest common divisor of 73 and 47669.
73
Calculate the highest common divisor of 220056 and 848.
424
What is the highest common divisor of 16282 and 28?
14
Calculate the highest common factor of 52200 and 96.
24
What is the highest common factor of 4654 and 286?
26
Calculate the highest common divisor of 165 and 884840.
55
Calculate the highest common divisor of 805 and 175.
35
What is the highest common divisor of 6741 and 535?
107
Calculate the highest common factor of 55608 and 2352.
168
Calculate the greatest common divisor of 2542 and 572074.
62
What is the highest common factor of 3160 and 266440?
40
Calculate the greatest common divisor of 452525 and 50.
25
Calculate the highest common factor of 4610 and 33653.
461
What is the greatest common divisor of 529 and 15913378?
529
Calculate the highest common divisor of 924 and 3212.
44
Calculate the greatest common divisor of 34830 and 559.
43
What is the highest common divisor of 692719 and 177?
59
What is the highest common divisor of 116561 and 9671?
509
Calculate the highest common factor of 128710 and 61.
61
Calculate the highest common factor of 34 and 399024.
34
Calculate the greatest common factor of 16 and 69096.
8
Calculate the greatest common divisor of 804627 and 1377.
459
What is the highest common divisor of 1920 and 1700?
20
Calculate the greatest common factor of 2532 and 30852.
12
What is the highest common divisor of 855 and 2223?
171
What is the greatest common factor of 14064 and 240?
48
Calculate the greatest common factor of 629 and 10013.
17
What is the greatest common divisor of 4 and 733948?
4
Calculate the greatest common divisor of 300884 and 74.
74
Calculate the greatest common divisor of 15535 and 52.
13
Calculate the greatest common divisor of 7744 and 1216.
64
What is the highest common factor of 28795 and 910?
65
Calculate the highest common factor of 217 and 46858.
7
What is the greatest common divisor of 1481376 and 52?
52
Calculate the greatest common divisor of 1240 and 573500.
620
Calculate the highest common factor of 329 and 17531.
47
Calculate the greatest common divisor of 22852 and 1508.
116
Calculate the greatest common divisor of 2496 and 1326.
78
Calculate the greatest common factor of 20 and 125708.
4
What is the highest common factor of 2298 and 12102?
6
Calculate the highest common divisor of 713362 and 26.
26
Calculate the highest common divisor of 14148 and 252.
36
What is the highest common divisor of 78 and 349011?
39
Calculate the greatest common divisor of 52305 and 1540.
55
What is the greatest common factor of 92080 and 80?
80
Calculate the highest common divisor of 118944 and 126.
126
What is the highest common factor of 195 and 37095?
15
What is the highest common divisor of 265907 and 154953?
1913
Calculate the highest common divisor of 78997 and 985.
197
What is the highest common factor of 516 and 10236?
12
Calculate the highest common divisor of 473 and 1845173.
473
Calculate the highest common divisor of 294 and 45444.
42
What is the greatest common factor of 4164 and 9684?
12
Calculate the highest common factor of 34783 and 7.
7
What is the highest common factor of 11394 and 54?
54
Calculate the greatest common factor of 1161375 and 1467.
489
Calculate the highest common divisor of 10380 and 30102.
1038
What is the highest common factor of 139086 and 6?
6
What is the greatest common factor of 30296 and 224?
56
Calculate the highest common divisor of 329096 and 310.
62
What is the greatest common factor of 1035944 and 196?
28
Calculate the greatest common factor of 143 and 32373.
11
What is the highest common divisor of 8175 and 43785?
15
What is the highest common divisor of 81 and 1649862?
27
What is the highest common factor of 40 and 63815?
5
What is the highest common divisor of 32 and 47168?
32
Calculate the highest common divisor of 22 and 114334.
22
What is the greatest common factor of 468 and 6876?
36
What is the greatest common factor of 42185 and 3?
1
What is the greatest common factor of 55 and 112640?
55
What is the greatest common divisor of 17919 and 20394?
99
Calculate the greatest common divisor of 847 and 9878.
11
Calculate the highest common divisor of 100 and 5350.
50
What is the greatest common factor of 9702 and 350154?
882
Calculate the highest common divisor of 788382 and 56.
14
Calculate the highest common divisor of 2816 and 19624.
88
What is the greatest common divisor of 19355 and 1505?
35
Calculate the highest common factor of 6328 and 50172.
452
What is the highest common divisor of 1 and 447211?
1
Calculate the greatest common factor of 16 and 22696.
8
What is the highest common factor of 72 and 97992?
72
What is the highest common divisor of 82 and 7884136?
82
Calculate the greatest common divisor of 8122 and 62.
62
Calculate the greatest common factor of 42 and 747222.
42
What is the highest common factor of 184 and 131?
1
What is the highest common divisor of 296738 and 1582?
226
What is the greatest common factor of 78 and 379860?
78
Calculate the highest common factor of 234 and 1299978.
18
What is the highest common factor of 19459 and 37642?
319
What is the greatest common factor of 58968 and 532?
28
What is the greatest common divisor of 65354 and 328?
82
What is the greatest common factor of 785150 and 383?
383
What is the greatest common divisor of 783047 and 19?
19
Calculate the greatest common factor of 270 and 751005.
135
Calculate the highest common divisor of 16436 and 532.
28
What is the greatest common divisor of 604117 and 2723?
389
What is the greatest common factor of 264 and 2776?
8
What is the greatest common divisor of 218042 and 11?
11
What is the greatest common factor of 956233 and 272?
17
What is the greatest common divisor of 10 and 11036630?
10
Calculate the highest common factor of 10 and 3590090.
10
Calculate the highest common divisor of 2363 and 13447.
17
What is the greatest common factor of 235 and 98183?
47
Calculate the greatest common divisor of 192241 and 58.
29
What is the highest common factor of 139 and 63?
1
What is the greatest common factor of 1430 and 43978?
22
Calculate the greatest common factor of 18532 and 779.
41
What is the highest common divisor of 90 and 642570?
30
Calculate the highest common divisor of 1665 and 3405.
15
What is the greatest common factor of 14278 and 3498?
22
Calculate the greatest common factor of 175 and 272925.
25
What is the highest common divisor of 75 and 512475?
75
What is the greatest common factor of 234680 and 30?
10
What is the highest common divisor of 107 and 290077?
107
Calculate the highest common factor of 362 and 114.
2
What is the highest common divisor of 6953 and 135379?
409
Calculate the highest common divisor of 196596 and 3556.
508
Calculate the highest common divisor of 203896 and 3696.
616
Calculate the highest common factor of 453411 and 675.
27
What is the greatest common divisor of 667601 and 6028?
1507
What is the highest common divisor of 582 and 47256?
6
What is the highest common factor of 89985 and 21?
21
Calculate the greatest common divisor of 273 and 74685.
39
Calculate the highest common factor of 18550 and 98.
14
What is the highest common divisor of 200 and 5224?
8
Calculate the highest common divisor of 74256 and 6258.
42
Calculate the highest common factor of 26 and 1229618.
26
Calculate the highest common factor of 82717 and 5941.
457
Calculate the highest common divisor of 630 and 147042.
126
What is the greatest common divisor of 4404628 and 148?
148
What is the greatest common factor of 378852 and 132?
12
Calculate the greatest common factor of 190 and 1613765.
95
Calculate the highest common divisor of 448 and 610848.
224
What is the highest common factor of 917678 and 556?
278
Calculate the highest common divisor of 353885 and 14.
7
Calculate the highest common divisor of 53708 and 29.
29
Calculate the greatest common divisor of 33 and 15895.
11
Calculate the greatest common factor of 183579 and 11.
11
C